ltiple of 47?
True
Is 32 a factor of 838742?
False
Does 20 divide 212556?
False
Does 8 divide 156534?
False
Does 137 divide 953931?
True
Does 333 divide 735980?
False
Is 7603618 a multiple of 489?
False
Does 13 divide 257595?
True
Does 325 divide 3072797?
False
Is 32 a factor of 4340576?
True
Is 226 a factor of 4970567?
False
Does 1320 divide 12479280?
True
Does 18 divide 12060?
True
Is 533 a factor of 1217905?
True
Is 457849 a multiple of 74?
False
Is 6802715 a multiple of 25?
False
Is 1170323 a multiple of 913?
False
Is 179 a factor of 152084?
False
Does 18 divide 6560046?
True
Does 6 divide 25266?
True
Is 3172597 a multiple of 260?
False
Is 384168 a multiple of 2?
True
Is 128576 a multiple of 224?
True
Is 3581157 a multiple of 389?
False
Is 11656 a multiple of 31?
True
Is 2 a factor of 25075?
False
Is 14 a factor of 7519736?
True
Does 17 divide 1657?
False
Is 2760 a multiple of 46?
True
Is 18564 a multiple of 26?
True
Is 135 a factor of 1230255?
True
Does 1506 divide 5362247?
False
Does 4 divide 231773?
False
Does 2 divide 2384497?
False
Is 62 a factor of 92256?
True
Is 309666 a multiple of 62?
False
Is 10 a factor of 1954810?
True
Is 126 a factor of 274847?
False
Is 3 a factor of 5834622?
True
Does 2 divide 1453?
False
Is 317438 a multiple of 94?
True
Is 84 a factor of 208560?
False
Is 9 a factor of 457569?
True
Does 26 divide 103402?
True
Is 6204237 a multiple of 6?
False
Is 126936 a multiple of 132?
False
Is 123 a factor of 361875?
False
Is 8275476 a multiple of 42?
False
Is 718870 a multiple of 6?
False
Is 468 a factor of 245427?
False
Is 331292 a multiple of 26?
True
Is 566 a factor of 1362928?
True
Is 14 a factor of 2615730?
False
Is 110 a factor of 4895880?
True
Is 70 a factor of 373380?
True
Is 787 a factor of 916068?
True
Is 312 a factor of 70485?
False
Is 3 a factor of 190842?
True
Is 24 a factor of 667440?
True
Is 19 a factor of 3170559?
False
Does 124 divide 281852?
True
Is 8 a factor of 21130?
False
Is 4726428 a multiple of 240?
False
Is 982 a factor of 1720464?
True
Does 173 divide 173368?
False
Does 1472 divide 2721728?
True
Does 21 divide 238182?
True
Is 232 a factor of 3041520?
True
Does 31 divide 92869?
False
Is 11 a factor of 964381?
True
Is 65 a factor of 2011264?
False
Does 12 divide 70320?
True
Is 79 a factor of 292379?
True
Is 247017 a multiple of 63?
False
Does 34 divide 411278?
False
Does 79 divide 631289?
True
Does 20 divide 32045?
False
Is 359772 a multiple of 84?
True
Is 89 a factor of 11346610?
True
Is 6577577 a multiple of 17?
False
Is 186597 a multiple of 79?
False
Is 38 a factor of 135229?
False
Is 5343259 a multiple of 34?
False
Is 29822 even?
True
Is 48210 a multiple of 15?
True
Does 733 divide 4916184?
False
Is 11 a factor of 3889809?
True
Is 24731316 a multiple of 87?
True
Is 30 a factor of 7129230?
True
Is 86038 a multiple of 20?
False
Does 38 divide 805339?
False
Does 153 divide 419067?
True
Is 189 a factor of 3733317?
True
Does 658 divide 1115705?
False
Is 42 a factor of 174671?
False
Does 592 divide 2124660?
False
Is 186417 a multiple of 269?
True
Is 26 a factor of 81364?
False
Is 6080395 a multiple of 67?
False
Does 30 divide 215490?
True
Is 247861 a multiple of 43?
False
Is 3968181 a multiple of 63?
True
Does 1026 divide 22372327?
False
Is 1101240 a multiple of 138?
True
Is 618464 a multiple of 27?
False
Is 77 a factor of 2451757?
True
Is 8925312 a multiple of 16?
True
Does 65 divide 2976285?
True
Is 40 a factor of 35158?
False
Is 193515 a multiple of 585?
False
Is 108 a factor of 960984?
True
Does 3 divide 107505?
True
Does 30 divide 1338060?
True
Does 5 divide 13715?
True
Is 2091211 a multiple of 442?
False
Is 186 a factor of 327135?
False
Does 23 divide 41313?
False
Does 67 divide 2554306?
False
Does 15 divide 3165045?
True
Does 10 divide 548839?
False
Does 296 divide 321456?
True
Does 315 divide 39816?
False
Does 138 divide 1422504?
True
Is 146 a factor of 365584?
True
Is 140 a factor of 826560?
True
Does 9 divide 98269?
False
Is 129117 a multiple of 87?
False
Is 21 a factor of 139508?
False
Is 168 a factor of 488040?
True
Does 71 divide 4286483?
True
Is 28 a factor of 2866909?
False
Is 3219918 a multiple of 13?
True
Is 103 a factor of 1152428?
False
Is 515328 a multiple of 244?
True
Is 70704 a multiple of 18?
True
Is 22 a factor of 40492?
False
Does 5 divide 145184?
False
Is 313 a factor of 752519?
False
Does 148 divide 2247232?
True
Does 42 divide 197429?
False
Is 14 a factor of 1386070?
True
Is 6415420 a multiple of 55?
True
Is 1678 a factor of 26109680?
True
Is 973053 a multiple of 1107?
True
Is 634120 a multiple of 10?
True
Is 397 a factor of 188178?
True
Is 3 a factor of 729513?
True
Does 96 divide 246202?
False
Does 4 divide 1586003?
False
Does 150 divide 2741089?
False
Is 75 a factor of 1633715?
False
Does 15 divide 1068790?
False
Does 42 divide 19441926?
True
Is 2097528 a multiple of 776?
True
Is 200640 a multiple of 12?
True
Is 1893528 a multiple of 252?
True
Is 861582 a multiple of 13?
False
Does 14 divide 1154650?
True
Is 456830 a multiple of 110?
True
Is 2049150 a multiple of 150?
True
Does 8 divide 9216064?
True
Does 16 divide 76332?
False
Is 75 a factor of 454000?
False
Does 70 divide 3249569?
False
Is 468034 a multiple of 483?
False
Is 89624 a multiple of 6?
False
Is 5 a factor of 3689475?
True
Is 131 a factor of 1810965?
False
Does 25 divide 3947434?
False
Is 784 a factor of 3544464?
True
Does 81 divide 393896?
False
Does 10 divide 11885?
False
Is 22 a factor of 89518?
True
Does 183 divide 331047?
True
Does 40 divide 1915920?
True
Is 145636 a multiple of 23?
True
Is 518 a factor of 2285263?
False
Is 70 a factor of 4208890?
True
Is 22 a factor of 139832?
True
Does 339 divide 858009?
True
Is 1436 a factor of 11114640?
True
Is 302 a factor of 963425?
False
Does 325 divide 4815599?
False
Is 290064 a multiple of 202?
False
Is 52140 a multiple of 55?
True
Is 33 a factor of 9933?
True
Does 292 divide 4601299?
False
Is 54 a factor of 394686?
True
Does 783 divide 1449333?
True
Is 5251000 a multiple of 10?
True
Does 441 divide 247842?
True
Is 9 a factor of 2390607?
True
Is 234 a factor of 255762?
True
Is 1689384 a multiple of 43?
True
Is 1404200 a multiple of 200?
True
Is 2134458 a multiple of 29?
True
Is 1797558 a multiple of 254?
True
Does 8 divide 110738?
False
Is 106 a factor of 373544?
True
Is 53454 even?
True
Is 622 a factor of 1311798?
True
Is 5 a factor of 268430?
True
Is 24 a factor of 236040?
True
Is 589665 a multiple of 15?
True
Is 1317355 a multiple of 65?
True
Is 464800 a multiple of 581?
True
Is 199430 a multiple of 110?
True
Does 39 divide 105495?
True
Does 415 divide 20331041?
False
Is 46 a factor of 17616?
False
Does 95 divide 209112?
False
Is 709840 a multiple of 124?
False
Is 54 a factor of 901149?
False
Is 6614256 a multiple of 22?
True
Does 1075 divide 1594225?
True
Is 46214 a multiple of 63?
False
Does 39 divide 4848885?
False
Is 96 a factor of 336384?
True
Does 412 divide 239359?
False
Is 35 a factor of 112910?
True
Does 46 divide 71438?
True
Is 1176391 even?
False
Does 37 divide 14362031?
True
Is 498304 a multiple of 8?
True
Is 14 a factor of 41608?
True
Is 460 a factor of 1253500?
True
Is 1358712 a multiple of 452?
True
Does 6 divide 445212?
True
Does 2 divide 90237?
False
Is 794169 a multiple of 103?
False
Is 1252382 a multiple of 10?
False
Is 24 a factor of 310782?
False
Does 51 divide 9174135?
True
Does 140 divide 1407761?
False
Is 22205 a multiple of 4?
False
Does 64 divide 9536?
True
Does 6 divide 784289?
False
Does 127 divide 323937?
False
Is 34 a factor of 9792544?
True
Is 286676 a multiple of 5?
False
Is 2533046 a multiple of 717?
False
Does 31 divide 71672?
True
Is 6063849 a multiple of 11?
True
Is 30 a factor of 139530?
True
Is 632310 a multiple of 57?
False
Is 4 a factor of 67400?
True
Is 30 a factor of 4093159?
False
Is 660691 a multiple of 17?
False
Is 18 a factor of 22464?
True
Does 110 divide 7435777?
False
Does 495 divide 401149?
False
Does 16 divide 89880?
False
Is 231 a factor of 32843?
False
Is 458664 a multiple of 11?
False
Does 6 divide 133084?
False
Is 246528 a multiple of 16?
True
Does 165 divide 7266540?
False
Is 115 a factor of 8406730?
True
Is 780322 a multiple of 9?
False
Is 611521 a multiple of 3?
False
Is 4558759 a multiple of 362